{"id":2,"date":"2025-07-16T07:21:18","date_gmt":"2025-07-16T07:21:18","guid":{"rendered":"http:\/\/stl.bzh\/?page_id=2"},"modified":"2025-10-16T10:20:31","modified_gmt":"2025-10-16T10:20:31","slug":"sample-page","status":"publish","type":"page","link":"https:\/\/stl.bzh\/","title":{"rendered":"STL"},"content":{"rendered":"\n<p class=\"has-small-font-size\">D\u00e9pannages divers : ordinateur ne d\u00e9marre plus, ordinateur lent, probl\u00e8me de mails, bugs,&nbsp;\u2026<\/p>\n\n\n\n<p class=\"has-text-align-left has-small-font-size\"><strong>Accompagnement fin de Windows 10<\/strong>. Ne jetez pas votre ordinateur, des solutions existent.<\/p>\n\n\n\n<p class=\"has-small-font-size\">Installation box internet, imprimante, scanner,&nbsp;\u2026<br>R\u00e9installation Windows, Linux, MacOS. Installation logiciels, importation donn\u00e9es.<br>Mise en place de sauvegardes.<br>Suppression virus.<br>R\u00e9cup\u00e9ration de donn\u00e9es effac\u00e9es.<br>Configuration ordinateur ou smartphone neuf (Imports donn\u00e9es &amp; contacts, installation applications,&nbsp;\u2026)<br>Remplacement disque dur interne ou autre p\u00e9riph\u00e9rique.<br>Mise en place de r\u00e9seau domestique.<br>Conseils (achat, logiciels, OS, p\u00e9riph\u00e9riques, internet, mails,&nbsp;\u2026)<br>Accompagnement pour vous s\u00e9parer des GAFAM : mail, ordinateur, smartphone (lineageOS),&nbsp;\u2026<br>Num\u00e9risation cassettes audio ou mini-disques<\/p>\n\n\n\n<h2 class=\"wp-block-heading has-text-align-center has-large-font-size\">Exemples de tarifs<\/h2>\n\n\n\n<figure class=\"wp-block-table has-small-font-size\"><table class=\"has-fixed-layout\"><tbody><tr><td class=\"has-text-align-left\" data-align=\"left\" colspan=\"2\">Nettoyage ordinateur lent<\/td><td class=\"has-text-align-center\" data-align=\"center\">Forfait 60 \u20ac<\/td><\/tr><tr><td class=\"has-text-align-left\" data-align=\"left\" colspan=\"2\">(r\u00e9)Installation Syst\u00e8me d&rsquo;exploitation (Windows, Linux, \u2026)<\/td><td class=\"has-text-align-center\" data-align=\"center\">Forfait 60 \u20ac<\/td><\/tr><tr><td class=\"has-text-align-left\" data-align=\"left\" colspan=\"2\">(r\u00e9)Installation Syst\u00e8me d&rsquo;exploitation + imports fichiers + logiciels de base<\/td><td class=\"has-text-align-center\" data-align=\"center\">Forfait 120 \u20ac<\/td><\/tr><tr><td class=\"has-text-align-left\" data-align=\"left\" colspan=\"2\">Installation p\u00e9riph\u00e9rique externe (box, imprimante, \u2026)<\/td><td class=\"has-text-align-center\" data-align=\"center\">Forfait 30 \u20ac<\/td><\/tr><tr><td class=\"has-text-align-left\" data-align=\"left\" colspan=\"2\">Configuration d&rsquo;un nouveau smartphone<\/td><td class=\"has-text-align-center\" data-align=\"center\">Forfait 60 \u20ac<\/td><\/tr><tr><td class=\"has-text-align-left\" data-align=\"left\">Autres prestations \u00e0 domicile<\/td><td class=\"has-text-align-center\" data-align=\"center\" colspan=\"2\">50 \u20ac\/heure, 30 \u20ac minimum<\/td><\/tr><tr><td class=\"has-text-align-left\" data-align=\"left\" colspan=\"3\">Prestations complexes ou en atelier sur devis<\/td><\/tr><\/tbody><\/table><\/figure>\n\n\n\n<p class=\"is-style-default has-small-font-size\">Tarifs pour toute intervention \u00e0 Briec, Cast, Ch\u00e2teaulin, Dineault, Edern, Gouezec, Landrevarzec, Lennon, Lothey, Pleyben, Port-Launay, Qu\u00e9m\u00e9n\u00e9ven, Saint-Albin, Saint-Coulitz, Saint-S\u00e9gal ou Saint-Thois.<br>Application d&rsquo;un suppl\u00e9ment suivant les Conditions g\u00e9n\u00e9rales de vente pour toute autre ville.<\/p>\n\n\n\n<p class=\"has-text-align-center\">Contact au 07 56 46 12 47<\/p>\n\n\n\n<p><\/p>\n","protected":false},"excerpt":{"rendered":"<p>D\u00e9pannages divers : ordinateur ne d\u00e9marre plus, ordinateur lent, probl\u00e8me de mails, bugs,&nbsp;\u2026 Accompagnement fin de Windows 10. Ne jetez pas votre ordinateur, des solutions existent. Installation box internet, imprimante, scanner,&nbsp;\u2026R\u00e9installation Windows, Linux, MacOS. Installation logiciels, importation donn\u00e9es.Mise en place de sauvegardes.Suppression virus.R\u00e9cup\u00e9ration de donn\u00e9es effac\u00e9es.Configuration ordinateur ou smartphone neuf (Imports donn\u00e9es &amp; contacts, installation [&hellip;]<\/p>\n","protected":false},"author":1,"featured_media":0,"parent":0,"menu_order":0,"comment_status":"closed","ping_status":"open","template":"","meta":{"footnotes":""},"class_list":["post-2","page","type-page","status-publish","hentry"],"_links":{"self":[{"href":"https:\/\/stl.bzh\/index.php?rest_route=\/wp\/v2\/pages\/2","targetHints":{"allow":["GET"]}}],"collection":[{"href":"https:\/\/stl.bzh\/index.php?rest_route=\/wp\/v2\/pages"}],"about":[{"href":"https:\/\/stl.bzh\/index.php?rest_route=\/wp\/v2\/types\/page"}],"author":[{"embeddable":true,"href":"https:\/\/stl.bzh\/index.php?rest_route=\/wp\/v2\/users\/1"}],"replies":[{"embeddable":true,"href":"https:\/\/stl.bzh\/index.php?rest_route=%2Fwp%2Fv2%2Fcomments&post=2"}],"version-history":[{"count":9,"href":"https:\/\/stl.bzh\/index.php?rest_route=\/wp\/v2\/pages\/2\/revisions"}],"predecessor-version":[{"id":48,"href":"https:\/\/stl.bzh\/index.php?rest_route=\/wp\/v2\/pages\/2\/revisions\/48"}],"wp:attachment":[{"href":"https:\/\/stl.bzh\/index.php?rest_route=%2Fwp%2Fv2%2Fmedia&parent=2"}],"curies":[{"name":"wp","href":"https:\/\/api.w.org\/{rel}","templated":true}]}}